221300
Convert -425 (base 9) to base 10.
-347
Convert 20330 (base 4) to base 13.
350
Convert 996 (base 16) to base 3.
10100220
What is -962 (base 12) in base 9?
-1782
Convert 11377 (base 8) to base 3.
20200010
What is 11656 (base 8) in base 13?
23a7
What is -207631 (base 8) in base 10?
-69529
530 (base 11) to base 3
212122
52d (base 14) to base 6
4421
2300 (base 16) to base 14
33a0
-948 (base 13) to base 2
-11000101101
-122120 (base 3) to base 13
-2a6
Convert -11300 (base 9) to base 14.
-2a61
f5b (base 16) to base 11
2a54
Convert 252 (base 7) to base 3.
12000
Convert 618 (base 11) to base 9.
1017
What is -d76 (base 14) in base 4?
-221130
What is 2322 (base 4) in base 5?
1221
893b (base 16) to base 7
204265
What is 6877 (base 12) in base 9?
16831
Convert -71db (base 15) to base 2.
-101110111111000
Convert 19c (base 15) to base 2.
101110100
What is 12 (base 12) in base 3?
112
Convert 189 (base 11) to base 10.
218
-320312 (base 4) to base 2
-111000110110
What is 202223 (base 4) in base 5?
32334
3336 (base 11) to base 8
10453
Convert -189 (base 15) to base 4.
-11202
What is 1101111000 (base 2) in base 11?
738
Convert 101100000100010 (base 2) to base 14.
8318
What is -2402 (base 6) in base 16?
-242
2b20 (base 12) to base 14
1bba
What is -1110022221 (base 3) in base 5?
-1404142
What is 17833 (base 13) in base 15?
d674
What is -2223221 (base 5) in base 6?
-501230
Convert 32202 (base 4) to base 3.
1021110
-16a (base 11) to base 12
-145
-5430 (base 6) to base 14
-64a
-110001101 (base 2) to base 14
-205
Convert -1010011111011 (base 2) to base 15.
-18d1
What is -e7f (base 16) in base 7?
-13551
100020 (base 4) to base 3
1102020
What is 12112 (base 6) in base 14?
908
23606 (base 7) to base 2
1011111110011
What is 1113 (base 11) in base 13?
88a
Convert -1027 (base 9) to base 15.
-354
830 (base 9) to base 14
363
What is -23a2 (base 12) in base 11?
-3016
Convert 1210001 (base 3) to base 6.
10001
Convert -404 (base 12) to base 16.
-244
What is -53064 (base 7) in base 14?
-4aa4
What is -2154 (base 6) in base 3?
-200121
-3609 (base 10) to base 5
-103414
-229 (base 13) to base 3
-111211
What is -3576 (base 12) in base 2?
-1011101101010
What is -110120100 (base 3) in base 15?
-2aac
Convert 2c1 (base 13) to base 8.
757
2012 (base 9) to base 11
1116
What is -2042 (base 9) in base 8?
-2730
What is 40233 (base 7) in base 9?
14306
Convert -462 (base 10) to base 15.
-20c
What is -f8d (base 16) in base 2?
-111110001101
What is 1204 (base 7) in base 13?
283
Convert -64c (base 13) to base 5.
-13303
-12173 (base 8) to base 12
-304b
-18b9 (base 12) to base 10
-3021
What is 16420 (base 7) in base 4?
1020331
1020010 (base 4) to base 3
20022211
-2034 (base 6) to base 5
-3304
-2356 (base 10) to base 13
-10c3
Convert -46 (base 8) to base 6.
-102
Convert -351 (base 12) to base 8.
-755
Convert -199 (base 16) to base 15.
-1c4
What is 5518 (base 10) in base 13?
2686
Convert -12011 (base 4) to base 9.
-472
Convert -3665 (base 8) to base 15.
-8b8
What is -2001 (base 8) in base 6?
-4425
What is 5e3 (base 15) in base 5?
20323
20110 (base 4) to base 6
2244
Convert -34cb (base 16) to base 12.
-79a3
What is 17228 (base 13) in base 8?
126430
What is -1c8b (base 15) in base 5?
-144311
Convert -2300302 (base 4) to base 3.
-120112001
What is -26541 (base 11) in base 12?
-19b3a
What is -42a4 (base 12) in base 13?
-3445
What is -1621 (base 9) in base 10?
-1234
What is -287 (base 11) in base 12?
-241
Convert -1301002 (base 4) to base 15.
-2224
Convert -968 (base 12) to base 7.
-4004
Convert -1331220 (base 4) to base 11.
-604a
What is -90b (base 12) in base 9?
-1712
What is 607 (base 8) in base 10?
391
What is -427 (base 10) in base 3?
-120211
-13053 (base 9) to base 5
-240141
Convert 8747 (base 11) to base 13.
5342
What is -10220 (base 4) in base 12?
-208
-406 (base 14) to base 9
-1067
What is 24424 (base 5) in base 8?
3510
Convert -1010000011101 (base 2) to base 13.
-2461
What is 5ba4 (base 12) in base 15?
30ed
Convert -1101212 (base 3) to base 9.
-1355
-105b (base 16) to base 7
-15131
What is -10010100110001 (base 2) in base 8?
-22461
Convert 16212 (base 7) to base 6.
33050
1202 (base 8) to base 14
33c
-5550 (base 8) to base 16
-b68
9a6a (base 14) to base 8
64176
What is 2354 (base 8) in base 5?
20020
18758 (base 9) to base 12
7645
What is 1147 (base 12) in base 10?
1927
149ba (base 14) to base 4
30201320
Convert -212322 (base 5) to base 9.
-10803
-51 (base 11) to base 5
-211
What is ab21 (base 14) in base 12?
15189
16000 (base 7) to base 11
3394
What is -32 (base 15) in base 7?
-65
Convert 111101111101 (base 2) to base 7.
14363
Convert -1422 (base 11) to base 12.
-1093
-3475 (base 9) to base 14
-d23
-2b2 (base 14) to base 15
-268
Convert 489 (base 10) to base 14.
26d
What is -2348 (base 10) in base 4?
-210230
Convert -4529 (base 13) to base 10.
-9668
Convert 137720 (base 8) to base 7.
263106
What is 110101111011 (base 2) in base 15?
1051
150640 (base 8) to base 6
1052240
Convert 6b3 (base 12) to base 10.
999
-403311 (base 7) to base 14
-1ad08
Convert 3115 (base 6) to base 10.
695
-3113133 (base 4) to base 8
-32737
Convert -4321 (base 15) to base 3.
-201111011
What is 23b4c (base 13) in base 7?
362234
Convert -3a4a (base 16) to base 7.
-61335
-343 (base 7) to base 5
-1203
What is -23535 (base 7) in base 13?
-2a15
1582 (base 14) to base 10
3838
Convert -2660 (base 13) to base 11.
-4138
What is -114133 (base 5) in base 3?
-12220000
Convert -64 (base 14) to base 12.
-74
Convert -11010111001110 (base 2) to base 9.
-20804
What is 2b1 (base 13) in base 16?
1e2
What is 140256 (base 8) in base 4?
30002232
Convert 43 (base 7) to base 6.
51
What is -1c2c2 (base 13) in base 12?
-280a5
Convert -31a8a (base 13) to base 12.
-43a98
What is 195 (base 16) in base 15?
1c0
What is 60140 (base 8) in base 3?
1020211210
151 (base 12) to base 15
da
Convert -5438 (base 12) to base 16.
-242c
What is -1230 (base 7) in base 2?
-111001110
Convert 624 (base 16) to base 13.
93c
What is -11110010010100 (base 2) in base 11?
-10719
Convert 4316 (base 7) to base 6.
11032
What is 21498 (base 12) in base 14?
11dd2
121333 (base 4) to base 14
86b
What is -37196 (base 10) in base 14?
-d7ac
11 (base 16) to base 7
23
Convert 31d0 (base 16) to base 9.
18438
27d (base 16) to base 6
2541
30214 (base 7) to base 4
1302100
-9869 (base 11) to base 4
-3023132
What is 1320331 (base 4) in base 3?
101121201
Convert -1010011010000 (base 2) to base 15.
-18a3
What is -14142 (base 6) in base 15?
-9d2
Convert 137216 (base 8) to base 4.
23322032
13002 (base 4) to base 7
1212
Convert -5040 (base 9) to base 13.
-18a2
428 (base 9) to base 7
1010
-4d (base 14) to base 9
-76
Convert 12301023 (base 4) to base 11.
19913
Convert 5091 (base 14) to base 6.
144035
Convert 253 (base 6) to base 5.
410
What is 111001 (base 2) in base 8?
71
Convert -416 (base 14) to base 15.
-389
What is -10010110010010 (base 2) in base 14?
-3710
323121 (base 4) to base 9
5183
13333 (base 4) to base 8
777
1136 (base 9) to base 10
843
-23577 (base 8) to base 12
-5a27
What is -1604 (base 10) in base 16?
-644
Convert -200 (base 8) to base 11.
-107
What is 124040 (base 5) in base 3?
20201022
-3133223 (base 4) to base 14
-5307
-bc (base 15) to base 10
-177
-615 (base 8) to base 2
-110001101
Convert 1487 (base 10) to base 14.
783
Convert -10110001010001 (base 2) to base 8.
-26121
Convert 45 (base 10) to base 4.
231
What is db7 (base 14) in base 9?
3640
What is 2222112 (base 3) in base 11?
16a7
Convert 207 (base 16) to base 10.
519
100202 (base 3) to base 7
524
Convert -17c5 (base 13) to base 2.
-110111010101
-11247 (base 9) to base 12
-4407
Convert -1114103 (base 5) to base 9.
-30264
What is 11101001001100 (base 2) in base 9?
22422
What is -62240 (base 8) in base 6?
-315132
What is 10123 (base 4) in base 6?
1151
Convert 1331 (base 12) to base 4.
202111
What is 1524 (base 6) in base 15?
1c7
Convert -21320 (base 6) to base 11.
-2222
Convert -3ac3 (base 14) to base 13.
-4942
Convert -dec5 (base 16) to base 15.
-11d6e
What is 25272 (base 8) in base 7?
43614
Convert -1156 (base 10) to base 16.
-484
b95 (base 15) to base 16
a37
Convert -25d (base 15) to base 6.
-2254
Convert 55324 (base 7) to base 4.
3120331
-1213 (base 7) to base 11
-380
-13204 (base 5) to base 12
-73a
214103 (base 5) to b